 = -l. Suppose l + 413 = 2*n. Is n a prime number?
False
Suppose 0 = 3*z + 2*z + 50. Let s be 6/z + (-243)/45. Is (-531)/s*(-4)/(-3) prime?
False
Suppose -2*q = -q + p - 169, -4*q - p + 688 = 0. Let v = 302 - q. Is v a composite number?
True
Suppose 5*q - 3*n = n + 15, 15 = 5*q - 3*n. Suppose 2110 = -q*m + 8*m. Is m a prime number?
False
Let u(y) = 58*y**2 - 2*y - 2. Let m be u(-2). Let r(z) = z**3 - 5*z**2 - 4. Let w be r(5). Is -6*m/(-4) + w a composite number?
False
Suppose 5*z = -3*q + 84, 23 = 3*z - 2*q - 16. Suppose z = -3*j + 8*j. Is 1/(j/(-534)*-2) composite?
False
Let r = -9 - -12. Suppose r*t + 275 = 8*t. Suppose -308 - t = -3*l. Is l composite?
True
Suppose -u = -5985 + 2122. Is u composite?
False
Let t(j) = j + 1. Let v(x) = -2*x - 25. Let p(y) = -5*t(y) - v(y). Let f be p(8). Is 1/(-3*f/4068) a composite number?
True
Suppose 0 = -2*q - 3*q + 360. Let a = -3 + q. Let w = a - 18. Is w a composite number?
True
Let m(v) = v**3 + 28*v**2 + 2*v + 6. Is m(-23) a prime number?
False
Suppose 19*c - 871819 = 455844. Is c composite?
False
Let t(h) = -5*h + 1. Let d(i) = -i - 1. Let x(a) = -4*d(a) - t(a). Let b be x(8). Suppose 5*u - 322 = -4*g, -4*u + b + 83 = 2*g. Is g composite?
False
Suppose 212 - 752 = -5*p. Suppose -5*i + 677 = -p. Is i composite?
False
Let m be (2 + (3 - -1)/(-4))*4. Is 210 - (m/(-6))/((-30)/(-45)) a composite number?
False
Suppose -67*r - 53305 = -102*r. Is r prime?
True
Let a = 357874 - 254975. Is a a prime number?
False
Suppose 4*n = 3*h - 97779, 0 = -27*h + 22*h - 5*n + 162965. Is h prime?
False
Let y be (758/(-4))/(14/(-28)). Let r be -1 - (87 - 2) - 0. Let b = r + y. Is b composite?
False
Let t = -10264 + 20387. Is t composite?
True
Let o be 5 - 9 - (1 - 7). Suppose 0 = -l + o*v + 795, 0 = -3*l + 2*l - v + 786. Is l prime?
False
Let v(g) = -166*g + 9. Let p(l) = l. Let a(f) = -6*p(f) + v(f). Is a(-5) a composite number?
True
Suppose -42366 = 20*q - 26*q. Is q composite?
True
Suppose 0*j - 1 = -j. Let m(x) = -j + 29*x + 1 - 5*x + 5. Is m(6) prime?
True
Let b = -71080 + 100002. Is b prime?
False
Let o = 223 - -34. Is o a composite number?
False
Let g(b) be the first derivative of b**6/6 - b**5/60 + b**4/24 + 2*b**3/3 - 5. Let d(a) be the third derivative of g(a). Is d(1) composite?
False
Let u = -7 - -11. Suppose -u*g = -g - 201. Is g composite?
False
Suppose 0 = 11*q - 171846 - 70297. Is q composite?
False
Is ((-156)/(-12) - -496)*53 composite?
True
Is -2084*46/(-8) + -2 a prime number?
True
Let n(d) = d**2 - 4*d - 1. Suppose 0*m - 20 = m + 5*x, -m = 3*x + 20. Is n(m) composite?
False
Let x = 14392 + -9359. Is x a composite number?
True
Suppose -o + 2*q + 11783 = 0, -4*o - 21*q = -17*q - 47096. Is o composite?
False
Let w be ((-45)/3 - -2)*-50 + -1. Suppose 0 = -8*p - 57 + w. Is p prime?
False
Let m be (2/(-6))/((-2)/(-18)). Is 2656/8 + m/3 a composite number?
False
Let l(n) = 2 + 2*n + n**2 + n - 4*n - 4*n. Let m be l(11). Suppose 0 = 5*b - 7*b + m. Is b a prime number?
False
Let z(v) = 2*v**2 - 19*v. Let j(k) = -k**2 + 10*k. Let t(m) = -5*j(m) - 3*z(m). Let l be t(8). Is (-167)/(-3) + l/12 a composite number?
True
Let t(a) = -4*a**3 - 5*a**2 - 4*a - 2. Let g be t(-4). Let c = -135 + g. Let k = 94 + c. Is k prime?
True
Suppose -5*s = 13 + 2. Is (-1)/(s/1623*1) a prime number?
True
Let w(n) = 14*n + n + 9 + 10*n. Is w(16) a prime number?
True
Suppose -5 = 2*q - 13. Let w(l) be the third derivative of 185*l**4/24 + 13*l**3/6 - 547*l**2. Is w(q) a composite number?
True
Let y = 27301 + -18402. Is y prime?
False
Let w be (978/(-4))/(8/(-16)). Let c = 420 + -718. Let m = c + w. Is m composite?
False
Let p(o) = 676*o + 15. Is p(16) a composite number?
False
Is 2*46*3017/28 a composite number?
True
Suppose -5*t - 2*i + 3297 = -1560, t + i = 972. Suppose 24 + t = l. Is l a prime number?
False
Let i(q) = -9*q**2 - 37*q**3 + 36*q**3 + 3 - 9*q - 1. Suppose -4*m + 0*m - 36 = 0. Is i(m) composite?
False
Suppose -w + 16*w - 39705 = 0. Is w a composite number?
False
Suppose m - 1124 = -3*u + 56, 0 = u + 5. Is m prime?
False
Let t be 7/4 - (-1)/4. Suppose 10 = 2*k - 3*z, -4*z = -2*k - 6*z. Suppose -3*q + k*h = -h - 18, 3*q + t*h - 23 = 0. Is q prime?
True
Let q(w) = 31*w - 4. Let r be q(4). Let p = 262 - r. Is p*(28/8 + -3) composite?
False
Suppose -9 = -4*h + h, -m + 2*h - 4706 = 0. Let y = -1957 - m. Is y a composite number?
True
Let l(u) = 128*u**2 - 2*u + 1. Is l(5) a composite number?
False
Let x(p) = -4*p**2 + 5*p - 5. Let w be x(2). Let c(g) = g**3 - 8*g**2 - 5*g + 14. Let n be c(w). Is (5/(-25))/(2/n) composite?
False
Suppose 3*g + 32 = -5*t - 57, 138 = -5*g + 2*t. Is ((-1154)/g - 4/(-14))*2 composite?
False
Suppose 28 = -3*p - 4*s, p + 4*s + 8 = 3*p. Is (p + 7 - -546) + -2 a prime number?
True
Let m(l) = 139*l + 58. Let d be m(-24). Let c = d - -5487. Is c a prime number?
False
Suppose -8*p + 3*p + 3*z + 936 = 0, 5*z = 4*p - 754. Let l = 685 - p. Is l prime?
True
Suppose -11*n - 4007 = -12070. Is n a prime number?
True
Suppose 63*a + 428145 = 67*a + 5*x, 0 = -5*a + x + 535174. Is a prime?
False
Let m(f) = 8*f - 690 + 5*f**2 + 656 - 4*f**2. Is m(19) composite?
False
Suppose -281 = 5*h - 55416. Is h a prime number?
True
Let l(o) = 5*o - 5*o + 7 + 24*o - 3. Let x be l(8). Suppose 5*d - x = 69. Is d a prime number?
True
Let d(r) be the third derivative of r**5/4 - 5*r**4/12 + r**3/3 + 26*r**2. Is d(7) prime?
False
Suppose f + 5*i - 15 = 16, 3 = -2*f + 3*i. Suppose 8*l = 4*l + 18328. Suppose -l + 11608 = f*d. Is d prime?
True
Let h be (-1)/(-3) - 2841/(-9). Let x = h + -155. Is x prime?
False
Is (0 - -1) + 29008/1 prime?
True
Let d(f) = -5*f - 5. Let h be d(-2). Suppose 3*y - 5*v + 9 = 0, -3*v + 2 = -h*y + 3. Suppose -192 = -2*j + 3*i, -y*i - 3*i - 10 = 0. Is j a composite number?
True
Suppose z + 3*h = -3*z + 12, -h + 4 = z. Suppose -2*q + 0*q + 32 = z. Is (282/(-4))/((-8)/q) a prime number?
False
Suppose 0 = 3*h + f + 41, 0 = f - 2*f + 4. Let s(x) = -x**2 - 15*x + 3. Let j be s(h). Suppose i - j*q = 59, 0 = -i - 5*q + 6*q + 51. Is i a prime number?
True
Let v be 23*(-2)/(-14) - 2/7. Suppose -v*t + 4581 = -7386. Is t a composite number?
False
Suppose -15*z = -13*z - 9836. Suppose -2789 = -3*m + z. Is m a prime number?
False
Suppose 4*u = 15947 + 1569. Is u prime?
False
Let b(v) = 46*v + 31. Let n be (6/4)/((-1)/(-6)). Is b(n) a composite number?
True
Let y(z) = 5*z**2 + 5*z + 21. Let w(u) = 2*u**2 + 2*u + 10. Let i(b) = -7*w(b) + 3*y(b). Is i(20) a prime number?
False
Let u = 888 + 2249. Is u a prime number?
True
Let d be (-1)/(-1)*(-21)/1. Is 2/3 + (-1057)/d a prime number?
False
Let x be 1/(((-28)/(-42))/(-2 - 0)). Is (-9666)/(-10) - x/(-15)*-2 a prime number?
True
Let l be (-12)/54 + (-91498)/(-18). Is (l/2 - -1) + 7/14 a prime number?
True
Let i(f) = f**3 + 47*f**2 + 32*f + 25. Is i(-37) composite?
True
Let s = -40 - -33. Let l(q) = -3*q**3 - 11*q**2 + 9*q - 8. Is l(s) a prime number?
True
Let s(c) = 106*c**2 - 26*c + 11. Is s(5) prime?
True
Let a = -10 + 11. Let b(x) = x**2 - a + 3 + 6 + x**3 - 7*x - 2*x**2. Is b(7) a composite number?
True
Suppose 2*r - 14 = r. Suppose 4*m - 2*m - r = 0. Let q(d) = 48*d - 15. Is q(m) prime?
False
Let n = 4 + 0. Let k be n/(-10) - 4101/(-15). Let i = k + 74. Is i composite?
False
Let h(y) = 3*y**2 - 4*y + 7. Let o be h(-5). Suppose 4*k + o = 3762. Let w = k - 428. Is w a composite number?
False
Suppose 2*u = 3*u - 185. Let t = 658 + u. Is t prime?
False
Let j(m) = 6*m - 7. Let p be j(3). Let i(q) = -q**3 + 11*q**2 + 4*q + 14. Is i(p) a prime number?
False
Let d = 13 - 48. Let j be 7/d + (-15662)/(-10). Suppose -4*z + 110 + j = 0. Is z a prime number?
True
Suppose 3*g - a = -0*a + 206, -343 = -5*g + 2*a. Suppose -3*t - 2*y + 44 = -g, -2*y - 121 = -3*t. Is t a prime number?
False
Suppose 7*q - 8*q = -9. Let s(u) = u**3 - 10*u**2 + 9*u - 2. Let w be s(q). Is (6/(-3))/w*19 composite?
False
Let i(a) = -a**3 - 2*a**2 + 9*a + 7. Suppose -2*t - 4 = -3*m + 4*m, -3*m = t + 17. Is i(m) a composite number?
False
Is (33342/10)/((-165)/(-550)) composite?
True
Suppose 2*a + 72 = -5*u, 2*u - 3*a = -26 - 18. Let o be -4*4/u*0. Suppose o = -2*k - 4*x + 114, x = -x - 2. Is k composite?
False
Let j = 10 + -6. Suppose j*i = 4*f + 10 - 2, 0 = -3*f + 2*i - 2. Suppose -z - 2*z - 3*q + 174 = 0, 5*z - 255 